{"id":2,"date":"2016-05-10T03:48:21","date_gmt":"2016-05-10T03:48:21","guid":{"rendered":"http:\/\/gabykappes.de\/?page_id=2"},"modified":"2020-11-21T16:46:55","modified_gmt":"2020-11-21T16:46:55","slug":"sample-page","status":"publish","type":"page","link":"https:\/\/gabykappes.de\/","title":{"rendered":"Herzlich Willkommen!"},"content":{"rendered":"\n<p>Ich bin eine Musikerin aus Leidenschaft und liebe es daher, Musik als Sprache zu benutzen, ob instrumental oder mittels Gesang. Mit Musik kann man je nach Klang oder Lautst\u00e4rke seine Gef\u00fchle, W\u00fcnsche und Sehns\u00fcchte mitteilen, egal in welchem Land, oder in welcher Sprache auf dieser Welt. Musik f\u00fchrt zusammen, egal ob als Musiker, S\u00e4nger oder Zuh\u00f6rer. Alle verstehen die Sprache der Musik.<\/p>\n\n\n\n<p>Ich freue mich auf Ihre Anfrage!<\/p>\n\n\n\n<p>Gaby Kappes<\/p>\n","protected":false},"excerpt":{"rendered":"<div class=\"entry-summary\">\nIch bin eine Musikerin aus Leidenschaft und liebe es daher, Musik als&hellip;\n<\/div>\n<div class=\"link-more\"><a href=\"https:\/\/gabykappes.de\/\" class=\"more-link\">Continue reading<span class=\"screen-reader-text\"> &ldquo;Herzlich Willkommen!&rdquo;<\/span>&hellip;<\/a><\/div>\n","protected":false},"author":1,"featured_media":0,"parent":0,"menu_order":0,"comment_status":"closed","ping_status":"open","template":"page-template\/_fullwidth.php","meta":{"footnotes":""},"class_list":["post-2","page","type-page","status-publish","hentry","entry"],"_links":{"self":[{"href":"https:\/\/gabykappes.de\/index.php?rest_route=\/wp\/v2\/pages\/2","targetHints":{"allow":["GET"]}}],"collection":[{"href":"https:\/\/gabykappes.de\/index.php?rest_route=\/wp\/v2\/pages"}],"about":[{"href":"https:\/\/gabykappes.de\/index.php?rest_route=\/wp\/v2\/types\/page"}],"author":[{"embeddable":true,"href":"https:\/\/gabykappes.de\/index.php?rest_route=\/wp\/v2\/users\/1"}],"replies":[{"embeddable":true,"href":"https:\/\/gabykappes.de\/index.php?rest_route=%2Fwp%2Fv2%2Fcomments&post=2"}],"version-history":[{"count":6,"href":"https:\/\/gabykappes.de\/index.php?rest_route=\/wp\/v2\/pages\/2\/revisions"}],"predecessor-version":[{"id":47,"href":"https:\/\/gabykappes.de\/index.php?rest_route=\/wp\/v2\/pages\/2\/revisions\/47"}],"wp:attachment":[{"href":"https:\/\/gabykappes.de\/index.php?rest_route=%2Fwp%2Fv2%2Fmedia&parent=2"}],"curies":[{"name":"wp","href":"https:\/\/api.w.org\/{rel}","templated":true}]}}